nvert 341c6 (base 16) to base 6.
4324102
What is 423102041 (base 5) in base 10?
1769021
Convert -2709d9 (base 14) to base 5.
-321042030
What is -111626 (base 11) in base 3?
-100000212100
-3012031000 (base 4) to base 3
-1112020122011
What is 7b9e (base 16) in base 6?
402302
What is -4088d9 (base 15) in base 11?
-1804a01
Convert -314b79 (base 13) to base 8.
-4314243
What is 111010001000001 (base 2) in base 8?
72101
Convert 1a24bc9 (base 13) to base 4.
200311132321
What is b716d (base 15) in base 2?
10001101110011011100
Convert 110101110000110100001101 (base 2) to base 12.
4878011
What is 80405 (base 11) in base 2?
11100101101110001
What is 63032750 (base 8) in base 11?
7610a55
Convert -20736154 (base 8) to base 4.
-100323301230
-110111423 (base 5) to base 14
-c43d0
Convert -1132033232 (base 4) to base 16.
-5e3ee
What is -327184 (base 9) in base 11?
-1239a4
Convert 6335b3 (base 14) to base 8.
14622011
Convert 17046 (base 12) to base 13.
11c79
Convert -5388386 (base 10) to base 2.
-10100100011100001100010
300221030 (base 4) to base 2
110000101001001100
Convert 12000021012 (base 3) to base 2.
11000000100110001
What is 1165411 (base 7) in base 12?
73311
What is 103221232 (base 4) in base 5?
10033434
12cb66 (base 13) to base 7
3611360
What is 1001100010100110010110 (base 2) in base 6?
125334434
What is -321111121332 (base 4) in base 11?
-85361a3
Convert 160801 (base 9) to base 16.
182f8
19742471 (base 10) to base 11
101648a1
Convert -46453616 (base 7) to base 2.
-1111100100001111111011
What is 102113022 (base 4) in base 11?
51563
Convert -72059 (base 10) to base 15.
-1653e
What is 83a256 (base 11) in base 7?
14304015
Convert -3013244202 (base 5) to base 2.
-10110110111010011001101
Convert 30223001 (base 4) to base 5.
3130110
-203012030 (base 4) to base 3
-21022012022
-115522324 (base 6) to base 12
-8b93a4
Convert -11011001000111100010001 (base 2) to base 6.
-412253321
Convert -35677 (base 11) to base 3.
-2121111021
Convert -100200222112010 (base 3) to base 5.
-2310002343
What is -10020224 (base 5) in base 7?
-450413
What is -8539650 (base 10) in base 6?
-503011230
What is 222030230 (base 5) in base 9?
1738474
What is 955206 (base 10) in base 9?
1715260
What is 11630224 (base 8) in base 12?
a3a384
-198c58 (base 13) to base 16
-9e353
Convert -2637063 (base 10) to base 7.
-31262142
Convert -51314430 (base 6) to base 7.
-15340335
-1020724 (base 9) to base 4
-2011012000
What is -10001101000001111111 (base 2) in base 3?
-1002100101221
Convert -331212203 (base 4) to base 8.
-754643
What is -404714 (base 9) in base 2?
-111010100001001100
What is -5575570 (base 10) in base 15?
-75204a
-11100101100100011110 (base 2) to base 4
-3211210132
2023d2 (base 15) to base 14
2ba388
-132200021120 (base 4) to base 16
-7a0258
What is -33335 (base 14) in base 5?
-12432430
Convert 211303333 (base 4) to base 14.
4062b
89e1 (base 15) to base 3
1111002211
-111734 (base 9) to base 2
-10000010101111001
Convert -4b2b (base 14) to base 5.
-410141
What is 673d2 (base 15) in base 5?
41000442
188a03 (base 12) to base 16
68fa3
-57bec (base 15) to base 5
-32420242
Convert 479059 (base 15) to base 4.
31003201332
177a487 (base 11) to base 16
2e027e
Convert 535220 (base 8) to base 2.
101011101010010000
What is 334255555 (base 6) in base 14?
b46c47
Convert -26653 (base 8) to base 9.
-17030
4eea5 (base 15) to base 9
425112
What is -100101110000110011010 (base 2) in base 6?
-42304414
Convert 3201030113 (base 4) to base 2.
11100001001100010111
What is -27886346 (base 9) in base 10?
-13815564
What is -8028a (base 12) in base 13?
-5a8bc
What is -987601 (base 10) in base 13?
-2876a4
35a1d (base 14) to base 7
1053536
Convert -14561110 (base 8) to base 15.
-45d103
What is 16040647 (base 8) in base 11?
2098a68
Convert 11414100 (base 5) to base 2.
11010001110001000
Convert 12003001111 (base 5) to base 3.
221210222210122
What is 74174 (base 11) in base 12?
52611
2203233332 (base 4) to base 11
418a14
What is 1021121000201 (base 3) in base 15?
d6b3a
-613345 (base 12) to base 7
-15625505
Convert 45422553 (base 6) to base 14.
281857
-3a920b (base 14) to base 15
-29e4db
What is -12ccc8 (base 16) in base 2?
-100101100110011001000
Convert 303303321030 (base 4) to base 16.
cf3e4c
Convert -2567 (base 12) to base 16.
-109f
What is -1041 (base 14) in base 7?
-11111
6178267 (base 10) to base 8
27442733
Convert 1011101100100011101001 (base 2) to base 12.
103a435
Convert 24120002 (base 5) to base 8.
663627
What is -320d2 (base 14) in base 9?
-203775
d3eb07 (base 15) to base 11
57603a1
15e66 (base 15) to base 14
1bad4
What is 237672 (base 14) in base 16?
127bf4
Convert 57445b (base 15) to base 6.
225141452
-4315858 (base 9) to base 10
-2313818
Convert 12d2caa (base 14) to base 11.
5164466
What is -2100132101 (base 4) in base 6?
-20403345
509802 (base 11) to base 2
11000111110000011100
-1304726 (base 8) to base 10
-362966
10024 (base 12) to base 9
31431
What is 217685 (base 15) in base 2?
110000101010001101011
Convert 3502525 (base 6) to base 3.
100010012022
What is -131310044 (base 5) in base 7?
-5346636
What is -180ff (base 16) in base 10?
-98559
Convert -233021102 (base 4) to base 15.
-3c33b
Convert -10021222 (base 5) to base 15.
-18892
What is -114675 (base 8) in base 3?
-1222222200
What is -100000010100100010100101 (base 2) in base 11?
-4867772
143522155 (base 6) to base 7
34224563
Convert 14212450 (base 6) to base 7.
4054056
-c5159d (base 15) to base 3
-122122001121011
-10121110212001 (base 3) to base 11
-10a0541
What is 183082 (base 10) in base 13?
65443
-1104205 (base 7) to base 2
-100001001011111011
Convert -1011111111101101100 (base 2) to base 16.
-5ff6c
2462157 (base 8) to base 7
5534426
Convert 3ad91 (base 15) to base 13.
67b64
What is 51764 (base 12) in base 8?
317774
-211321431 (base 5) to base 14
-190ba2
What is -324483 (base 9) in base 14?
-50796
What is -13037 (base 15) in base 16?
-ed82
What is -1000101010100011 (base 2) in base 16?
-8aa3
What is -1113022220 (base 4) in base 9?
-603672
Convert 4b942 (base 12) to base 13.
38030
Convert 13dd7 (base 15) to base 10.
63877
-14122302 (base 5) to base 12
-70127
Convert 1031002223 (base 4) to base 8.
1150253
What is 568a21 (base 15) in base 11?
2370950
What is 1056652 (base 8) in base 4?
1011312222
-12a0dd (base 16) to base 8
-4520335
What is 830525 (base 11) in base 6?
44323043
Convert 333035130 (base 6) to base 8.
26764736
Convert 697390 (base 16) to base 13.
157c78c
Convert -11110001001000001 (base 2) to base 16.
-1e241
371c97 (base 13) to base 7
14130006
Convert -2500054 (base 10) to base 11.
-1458367
Convert 6394 (base 13) to base 5.
420220
What is 9066aa (base 11) in base 16?
164073
What is -32155343 (base 6) in base 10?
-948591
What is -1145534 (base 6) in base 11?
-41832
Convert 875a1 (base 13) to base 6.
5125311
-487b7a (base 14) to base 4
-21131133200
What is 3486440 (base 10) in base 9?
6503442
Convert 110300012 (base 4) to base 9.
138532
What is -341448 (base 10) in base 7?
-2621322
146613 (base 10) to base 4
203302311
5004104 (base 6) to base 15
495c4
What is 3105015 (base 6) in base 9?
246142
What is -871910 (base 11) in base 16?
-1542ae
Convert 841645 (base 9) to base 3.
221101201112
Convert -12b21a (base 12) to base 9.
-521644
-3551011 (base 6) to base 13
-665c2
Convert 7118a0 (base 12) to base 15.
24d1e0
111100122020112 (base 3) to base 14
d2ac81
2210203221 (base 4) to base 16
a48e9
What is 156446 (base 9) in base 13?
34c74
Convert a190 (base 13) to base 15.
68db
Convert 1121222200 (base 3) to base 5.
2011232
Convert 1313232023 (base 5) to base 7.
36460450
23245205 (base 6) to base 5
141043413
What is 33f46 (base 16) in base 14?
577a6
What is -2b79bc (base 13) in base 16?
-106294
Convert 3681160 (base 9) to base 15.
298299
What is 18992 (base 10) in base 8?
45060
What is 96173b (base 12) in base 2?
1001000001110011011111
-2021002121020 (base 3) to base 11
-751556
What is 112001012121 (base 3) in base 5?
32321232
What is 405335 (base 7) in base 13?
255c8
What is -3646707 (base 8) in base 3?
-1212221210100
Convert -2124246 (base 7) to base 4.
-333011223
Convert 321145 (base 7) to base 14.
163cc
57be8 (base 15) to base 6
5553415
Convert 13f95 (base 16) to base 13.
2b314
What is 1011001011110001010 (base 2) in base 15?
738b9
What is 212052